+ 1 + -6?
-5
Calculate -49 - -25 - (5 - -4).
-33
Calculate 882 + -846 + -63 + -1.
-28
Calculate (-1 - -4 - (-372 - -388)) + 2.
-11
Evaluate -22 + 10 - 12 - (7 - 22).
-9
Calculate 4 + (2 - 13) - (40 + -46).
-1
What is 2 - 50 - (793 - 816)?
-25
Calculate 1311 - 1321 - (-44 + 0).
34
Evaluate 30 + -26 + 19 + 0.
23
(4 - (-41 + 29)) + -2
14
What is 25 - (-10 - (-34 + 6))?
7
What is (-1 - 2 - 2) + (35 + -33 - 4)?
-7
12 - ((3 - 10) + 11) - -8
16
Evaluate (10 - 1 - 1) + -23 + -84 + 101.
2
Evaluate 1 + 3 + 9 + -8 + 5.
10
Calculate 0 - (-6 + 10) - -3.
-1
What is the value of 11 + (-22 - (13 - 8))?
-16
What is the value of (1 - -34 - 77) + 81?
39
Calculate 0 + (2 - 9) - (107 + -100).
-14
What is 46 - 45 - (14 + -1)?
-12
Evaluate -2 + (1 - -1) - (12 + -90 + 50).
28
What is 28 - (58 - (-6 - -41))?
5
What is the value of 0 + -5 - ((9 - -24) + 1 + -21)?
-18
(27 - (9 + -4)) + 8 + (1 - 17)
14
37 + -9 + -68 + 63
23
What is the value of (37 + -11 - (6 + 12)) + -10?
-2
What is the value of (6 - (20 + -8 + -7 + -20)) + -9?
12
What is the value of 27 - (16 + -9 - -11)?
9
Calculate 10 + 9 + -13 - (12 - 3).
-3
Calculate (-2 - (2 - (-6 - -4))) + 65 + -54.
5
What is the value of 8 + 3 - (52 + -21)?
-20
What is the value of -13 + (1 - 3) + 4 - (24 - 20)?
-15
(-1 - 12) + (-3 - 0 - -11)
-5
12 + (-12 - -7 - 1)
6
Calculate 7 + -23 + 12 - -20.
16
What is -20 + -7 + 10 + 5?
-12
Evaluate (-2 - 4 - 3) + 2 + -4.
-11
Calculate 0 + (1 + (-14 - -7) - -19).
13
Evaluate (0 - -16 - 32) + 6.
-10
What is -3 + (9 - 13 - 8) + (6 - 0)?
-9
What is the value of 3 + -3 + (10 - (1 + 4)) - 15?
-10
What is -17 + -12 + -10 + 23 + 34?
18
What is the value of (12 + 0 - 4) + -12 + -1?
-5
-50 + (-19 - -9) + 45
-15
What is the value of -7 - (1 + -9 - -3 - -5)?
-7
Calculate (7 - 8) + (-9 - -1) + 25.
16
Calculate -23 - (-5 + -1 + (-2 - 2)).
-13
What is 4 + (-115 - -84 - (-10 - 1))?
-16
What is 6 + (-9 - -35 - 25)?
7
Calculate -16 - ((-16 - -24) + -7).
-17
Evaluate (17 + -9 - (4 - 10 - -16)) + -5.
-7
What is 14 - (-1 - (-7 - -4)) - 7?
5
What is 15 - (-16 - -64) - -16?
-17
Evaluate 18 + -16 - (-1 + 0 - (25 - 21)).
7
-48 - -52 - -9 - (1 + 3 + 0)
9
Evaluate (59 - 50) + -11 - (-14 - -2).
10
-10 - (-18 + 20 + -9)
-3
0 + (-10 - -17) + -6 + 9
10
What is the value of 23 + -13 + -3 - (0 - (0 - -5))?
12
(-7 - (-2 - 5)) + (8 - 6) + -5
-3
What is -33 - (15 + -28) - -3?
-17
-6 + -1 + (28 - 26) + -10
-15
Calculate 0 + (5 - (-4 + 6) - (-13 - -19)).
-3
Calculate 7 + -61 + 112 + -92.
-34
-37 + 16 + 9 - -3
-9
What is (-40 - -25) + 1 + 18?
4
What is 0 - -7 - (-33 - (-65 + 38))?
13
25 + (5 - 2 - 18)
10
-21 - (6 - 35) - 9
-1
What is -1 + 8 + -12 - -3 - -9?
7
What is the value of -60 + 41 - (-27 + -5)?
13
Evaluate -16 - (-24 + -2 + 11 + -1).
0
Evaluate 0 + -2 - 27 - (-324 - -333).
-38
14 + -12 - 10 - -11
3
What is -8 - (-6 - (-19 + 13 + (-1 - 1)))?
-10
Evaluate 2 + (-13 - -2) + 117 + -102.
6
Evaluate -2 - (-18 + 10) - (30 - -4).
-28
Calculate 9 + (-11 - -24) + -10.
12
Evaluate 256 + -259 - (10 + 0).
-13
Evaluate -5 - (37 + (-61 - -36)).
-17
Evaluate 11 + (-8 - (-1 - (-12 + 20))).
12
What is 5 + -13 - ((-7 - (20 + 9)) + 8)?
20
What is 0 + 4 + (19 + 70 - 78)?
15
What is the value of (-1 - (-1 - -2)) + -2 + 8?
4
What is (0 - -43) + -19 - 28?
-4
38 + -37 - ((-5 - -18) + -3) - -17
8
14 - (23 + -14 + -14)
19
Evaluate 1 + -3 - (-19 + 22 - 5).
0
Calculate -32 + -3 + 28 - (-22 + 2).
13
3 + 0 - (-14 - (-16 + -6 - -16))
11
What is the value of -31 - (4 + -9) - -6 - 2?
-22
What is the value of (-36 - -24) + 5 - (0 - 0)?
-7
What is the value of 3923 - 3933 - (-28 - -2 - (1 - 0))?
17
Evaluate -8 - (-14 + (6 - 9)).
9
What is the value of -22 - -4 - (-6 - (4 + -1))?
-9
17 + (14 + -9 - 10)
12
1 - 1 - (6 - 0)
-6
What is (-13 - 16) + (-6 - -3) + 9?
-23
Evaluate 11 - 1 - (4 - -4 - 11 - -11).
2
What is the value of -36 + (-26 + 14 - -25)?
-23
(-13 - (-3 - 1) - -21) + (2 - 7)
7
-38 + 12 + (4 - -6)
-16
Calculate -5 + (4 - (7 - (3 - 0))) + -2.
-7
11 + (41 - (49 - 17))
20
What is 3 - -7 - (4 + -7 - -1)?
12
What is the value of -20 + 18 - ((-12 - -2) + 1)?
7
What is the value of (22 - -35) + -40 - (-4 + 1)?
20
Evaluate 0 + -1 - (6 - (21 + -10)).
4
What is the value of -8 + 5 - (-1 + -1 - 4) - -7?
10
What is the value of -1 - (1 - -2) - (10 + -19)?
5
36 - (51 - (26 - -3))
14
What is -14 - (-3 - -28 - 42)?
3
Calculate (-7 - -12 - ((-1 - -1) + -6)) + -5.
6
Calculate (-1 - 6) + (3 - (6 + -5)).
-5
Evaluate -6 + (16 - (6 + -2 + (6 - 6))).
6
What is the value of -37 + 66 + -52 + (9 - -1)?
-13
Calculate 531 + -523 + -5 + 1.
4
Evaluate -2 - (2 + 4 + -4) - (-109 - -106).
-1
(1 - 1 - 9) + -25 + 75 + -39
2
What is the value of -10 - (7 + 3 - 15)?
-5
Calculate 5 + 0 + (-13 - (-15 + 7 + -26)).
26
What is -4 + (-15 + 8 - (2 + -5) - -12)?
4
What is the value of -1 - -30 - (-1525 + 1567)?
-13
-13 + 16 - (3 - 3 - 11 - -2)
12
What is (-19 - (-15 - 4)) + 18?
18
Evaluate -14 + (3 - (-17 - -1)).
5
Evaluate -27 + -10 - (-18 + 11).
-30
Calculate 1 + (-24 + -4 - (-10 + 2)).
-19
What is the value of 12 + (-6 - (8 + -6)) + -10?
-6
Calculate -2 + -6 + (-5 + 10 - -1) - 5.
-7
Calculate -3 + 0 + -23 + 4 + 33 + -18.
-7
What is (5 - -18) + -9 + 2 + 0?
16
11 + 4 + -13 + (14 - 6)
10
Calculate (14 - (-2 - -2)) + 10.
24
What is the value of (-7 - (-2 + -38) - 0) + -12?
21
What is the value of (-325 - -323) + (3 - ((1 - 3) + 3))?
0
Calculate (9 - -11) + (-3 - 8).
9
Calculate -16 - 2 - (-11 + 11 + -6) - -2.
-10
What is the value of 5 + -14 + -6 - (-1 + 0)?
-14
What is (-14 + 10 + -10 - -5) + 29?
20
5 + (4 - (-9 - (8 + -2))) + -1
23
Calculate 2 - (1 - (-6 + (-4 - -4))).
-5
What is 68 + -65 - (1 - -1 - (-1 + 4))?
4
What is 0 + 13 - (-27 + 47)?
-7
Evaluate 25 + 0 + 27 + -35 - (4 - -4).
9
What is the value of 3 + 0 - (0 - -17 - (65 - 52))?
-1
Evaluate 6 + -1 + 22 + -6 + -25 + 3.
-1
What is the value of -13 + (4 + 3 + 3 - -10)?
7
Evaluate 0 - 11 - (1 - (8 + 0 + 0)).
-4
Evaluate 297 + -307 + (-6 - -9 - (-26 + 0)).
19
What is the value of (22 - 15 - (2 - -9)) + -13?
-17
What is the value of 0 + -1 + (24 - (16 - -15))?
-8
What is the value of -18 - ((-1 - 3) + -5)?
-9
-11 + (-7 - (-7 - -6))
-17
What is -14 - (-41 + -32 - -48)?
11
What is the value of 19 + -29 + (-6 - -9)?
-7
What is the value of (-15 - -35) + 2 - 6 - 15?
1
-20 + 1 + 17 + (-4 + 1 - -34)
29
What is the value of 2 - -12 - (74 - 43)?
-17
What is -49 - -9 - (-26 - 38)?
24
What is the value of (-8 - 0) + (-9 - -18) + -15?
-14
Evaluate -26 + (-23 + -2 - -54).
3
What is the value of -22 + (4 - 16) + 15?
-19
-4 - -5 - (2 + 4 + 0) - 3
-8
Evaluate (-3 + 5 - -1 - 1) + -3.
-1
-48 - -7 - (52 - 75)
-18
What is the value of 2 + -4 + (-1 + 3 - (-18 + 18))?
0
2 - (-19 + 4 + 3 + -3 - -2)
15
What is 23 - (18 - (-14 - 2))?
-11
What is (2 - 3 - -4) + -8 - 5?
-10
Calculate 6 + (-4 - (4 + (1 - 5)) - 16).
-14
Evaluate (-1 - 18 - 0) + 4276 + -4266.
-9
What is the value of 4 + (2 - 1) - (15 + -3 + -6)?
-1
What is (-41 - -2) + (-10 - -74)?
25
Calculate (0 - (3 + -6)) + (-37 - -41) + 0.
7
What is the value of (-1 + (-2 - -1) - -4) + (341 - 339)?
4
-12 - 17 - -10 - (0 - 2)
-17
What is the value of -7 - (-16 + 23 + (-12 + 3 - -5))?
-10
Evaluate -8 + (14 - 1) + -3 + -6.
-4
Evaluate (14 - (8 + 9)) + 9.
6
Evaluate 429 + -413 - (2 - (5 - 0)).
19
Calculate (-2 - 8 - -5) + (0 + -6 - 1).
-12
Evaluate (-16 - 2 - -20) + (1 - -1) + 0.
4
What is 20 - (-18 + 18) - (1 + -1 + 4)?
16
Calculate 15 + (-33 + 23 - (-2 + -4)).
11
What is (-9 - (13 + -10)) + (2 - -26)?
16
Calculate 1 + -1 - (384 + -367).
-17
Calculate 7 - 33 - 3 - (-5 + 1).
-25
Evaluate (-35 + 59 - 33 - (-7 - -1)) + -5.
-8
-20 + 12 + 18 + -22
-12
0 + -15 + (-153 - -179)
11
What is the value of (-4 - (-7 - 4)) + -10 + 6 + 0?
3
2 + (-10 - 2) + (576 - 563)
3
Evaluate (-20 - -7) + 36 - (3 + -1 + 2).
19
What is -1 - 2 - (-334 + 318)?
13
What is -3 + (-3 + 9 + -2 - -15)?
16
-2 + 0 - -6 - (2224 - 2217)
-3
Evaluate 27 - 3 - (-60 + 70).
14
Calculate -8 - ((-1 - (-23 - -28)) + -3 + -34).
35
23 + (5 - 38) - -23
13
Calculate -1 + 6 + (39 + (-20 - -2) - 7).
19
Calculate 15 - (5 - (-4 - -6)).
12
What is -1 + 8 + (-2 - (9 + -17 + 6))?
7
Calculate (-20 - -11) + -1 - -19.
9
What is -3 - ((11 - (-7 + 23 + -1)) + 6)?
-5
41 + -24 + (-20 - -14)
11
(15 - 0) + (-26 - -15) - 11
-7
Evaluate 11 - 14 - -14 - 14.
-3
8 + 4 + -7 - 14 - -1
-